hat are the prime factors of 7697701?
11, 699791
What are the prime factors of 1156958?
2, 11, 43, 1223
List the prime factors of 22123.
22123
What are the prime factors of 7428585?
3, 5, 41, 47, 257
What are the prime factors of 21276052?
2, 7, 773, 983
What are the prime factors of 458945?
5, 19, 4831
What are the prime factors of 11139728?
2, 23, 30271
What are the prime factors of 421151?
113, 3727
What are the prime factors of 15083902?
2, 7541951
List the prime factors of 40818.
2, 3, 6803
List the prime factors of 15924222.
2, 3, 294893
List the prime factors of 6718063.
11, 610733
What are the prime factors of 2648363?
2648363
List the prime factors of 15989437.
15989437
What are the prime factors of 202046?
2, 13, 19, 409
What are the prime factors of 153365?
5, 37, 829
List the prime factors of 9072266.
2, 7, 648019
List the prime factors of 2444022.
2, 3, 7, 17, 163
What are the prime factors of 468506?
2, 433, 541
List the prime factors of 16551881.
23, 67, 467
What are the prime factors of 103172?
2, 25793
List the prime factors of 2688598.
2, 11, 122209
List the prime factors of 46580.
2, 5, 17, 137
What are the prime factors of 133113?
3, 44371
List the prime factors of 35655451.
13, 23, 9173
What are the prime factors of 1013625?
3, 5, 17, 53
What are the prime factors of 810639?
3, 90071
List the prime factors of 528467.
29, 18223
List the prime factors of 6571140.
2, 3, 5, 109519
What are the prime factors of 219559?
29, 67, 113
List the prime factors of 195969.
3, 65323
What are the prime factors of 4230194?
2, 2115097
What are the prime factors of 537732?
2, 3, 13, 383
What are the prime factors of 65599?
65599
List the prime factors of 221596.
2, 55399
List the prime factors of 28229452.
2, 17, 131, 3169
List the prime factors of 16070299.
7, 587, 3911
What are the prime factors of 80415?
3, 5, 1787
List the prime factors of 254022.
2, 3, 42337
List the prime factors of 169774.
2, 11, 7717
List the prime factors of 582824.
2, 11, 37, 179
What are the prime factors of 170022?
2, 3, 43, 659
List the prime factors of 1231042.
2, 615521
What are the prime factors of 3506902?
2, 7, 23, 10891
List the prime factors of 6801907.
7, 67, 14503
What are the prime factors of 11188324?
2, 7, 399583
What are the prime factors of 595645?
5, 119129
What are the prime factors of 208023?
3, 69341
What are the prime factors of 1058519?
7, 11, 59, 233
List the prime factors of 15376441.
89, 197, 877
What are the prime factors of 22812051?
3, 7604017
List the prime factors of 3411898.
2, 7, 243707
List the prime factors of 167222.
2, 11, 691
What are the prime factors of 12437151?
3, 4145717
List the prime factors of 141554.
2, 7, 10111
List the prime factors of 4748449.
4748449
List the prime factors of 2479214.
2, 1239607
What are the prime factors of 582732?
2, 3, 16187
List the prime factors of 657759.
3, 233, 941
What are the prime factors of 47951?
47951
What are the prime factors of 769634?
2, 384817
What are the prime factors of 207870?
2, 3, 5, 13, 41
List the prime factors of 33214.
2, 16607
What are the prime factors of 44379?
3, 4931
What are the prime factors of 204538?
2, 31, 3299
List the prime factors of 28120265.
5, 5624053
What are the prime factors of 1997932?
2, 499483
What are the prime factors of 1485849?
3, 223, 2221
What are the prime factors of 3889980?
2, 3, 5, 21611
List the prime factors of 1284751.
13, 37, 2671
What are the prime factors of 568920?
2, 3, 5, 11, 431
List the prime factors of 153304.
2, 19163
What are the prime factors of 580983?
3, 13, 14897
List the prime factors of 224331.
3, 37, 43, 47
List the prime factors of 97784.
2, 17, 719
What are the prime factors of 99177?
3, 13, 2543
List the prime factors of 23616355.
5, 7, 103, 6551
What are the prime factors of 64394?
2, 11, 2927
What are the prime factors of 4295930?
2, 5, 269, 1597
List the prime factors of 12931736.
2, 227, 7121
List the prime factors of 3938395.
5, 31, 25409
What are the prime factors of 814996?
2, 7, 13, 2239
What are the prime factors of 991970?
2, 5, 7, 37, 383
What are the prime factors of 187528?
2, 11, 2131
List the prime factors of 8336323.
71, 117413
What are the prime factors of 865432?
2, 108179
What are the prime factors of 388121?
137, 2833
List the prime factors of 3765204.
2, 3, 11621
List the prime factors of 1830218.
2, 13, 70393
What are the prime factors of 56834?
2, 157, 181
What are the prime factors of 338686?
2, 169343
What are the prime factors of 274211?
7, 43, 911
What are the prime factors of 28421054?
2, 23, 26863
List the prime factors of 1518225.
3, 5, 31, 653
What are the prime factors of 1417917?
3, 472639
What are the prime factors of 1086035?
5, 217207
List the prime factors of 329651.
7, 47093
List the prime factors of 19253573.
31, 621083
What are the prime factors of 628959?
3, 31, 6763
List the prime factors of 901867.
17, 53051
What are the prime factors of 478517?
13, 36809
List the prime factors of 4251048.
2, 3, 177127
List the prime factors of 72202.
2, 13, 2777
List the prime factors of 1118569.
1118569
List the prime factors of 668855.
5, 11, 12161
List the prime factors of 26562855.
3, 5, 11, 19, 37, 229
List the prime factors of 156702.
2, 3, 7, 13, 41
What are the prime factors of 1163758?
2, 61, 9539
List the prime factors of 168927.
3, 11, 5119
List the prime factors of 3964994.
2, 11, 37, 4871
What are the prime factors of 31543777?
31543777
List the prime factors of 132518.
2, 173, 383
What are the prime factors of 3117935?
5, 29, 21503
What are the prime factors of 97780?
2, 5, 4889
List the prime factors of 356861.
157, 2273
List the prime factors of 8321819.
11, 173, 4373
List the prime factors of 105353.
137, 769
What are the prime factors of 397804?
2, 11, 9041
List the prime factors of 229519.
229519
List the prime factors of 282389.
282389
What are the prime factors of 85940?
2, 5, 4297
List the prime factors of 2057284.
2, 31, 47, 353
What are the prime factors of 88611?
3, 29537
List the prime factors of 995706.
2, 3, 18439
What are the prime factors of 31195265?
5, 6239053
List the prime factors of 534357.
3, 733
What are the prime factors of 685996?
2, 149, 1151
What are the prime factors of 8009926?
2, 1733, 2311
What are the prime factors of 1367861?
11, 124351
List the prime factors of 73523.
73523
What are the prime factors of 2052873?
3, 228097
What are the prime factors of 2930295?
3, 5, 195353
What are the prime factors of 2582996?
2, 13, 3821
What are the prime factors of 550894?
2, 275447
List the prime factors of 1172026.
2, 41, 14293
What are the prime factors of 9172966?
2, 11, 37, 59, 191
List the prime factors of 310130.
2, 5, 31013
List the prime factors of 128898.
2, 3, 7, 11, 31
What are the prime factors of 2318645?
5, 7, 31, 2137
What are the prime factors of 462714?
2, 3, 7, 23, 479
List the prime factors of 316366.
2, 317, 499
What are the prime factors of 285791?
11, 25981
What are the prime factors of 4926824?
2, 7, 97, 907
What are the prime factors of 9773107?
2351, 4157
List the prime factors of 4469537.
547, 8171
What are the prime factors of 183315?
3, 5, 11, 101
What are the prime factors of 260946?
2, 3, 7, 19, 109
What are the prime factors of 28424593?
757, 37549
List the prime factors of 424551.
3, 47, 3011
What are the prime factors of 179136?
2, 3, 311
List the prime factors of 286713.
3, 7, 37, 41
What are the prime factors of 772358?
2, 41, 9419
What are the prime factors of 21019731?
3, 7006577
List the prime factors of 8848114.
2, 11, 523, 769
What are the prime factors of 2513?
7, 359
List the prime factors of 16853886.
2, 3, 7, 44587
List the prime factors of 142754.
2, 137, 521
List the prime factors of 332229.
3, 59, 1877
What are the prime factors of 210853?
210853
What are the prime factors of 1335842?
2, 667921
What are the prime factors of 260529?
3, 86843
What are the prime factors of 2193187?
17, 129011
List the prime factors of 1991037.
3, 31, 79, 271
List the prime factors of 1657870.
2, 5, 193, 859
What are the prime factors of 8476223?
7, 19, 101, 631
List the prime factors of 4247840.
2, 5, 139, 191
What are the prime factors of 1238170?
2, 5, 123817
What are the prime factors of 4420?
2, 5, 13, 17
What are the